 digit of b?
1
Let r(a) = -a**3 - 9*a**2 - 10*a - 11. Let i be r(-8). Suppose -3*b - 13 = i. Let n = -5 - b. What is the units digit of n?
1
Let k = 24 + 5. What is the units digit of k?
9
Let i be 4 + 1/3*-3. What is the units digit of i - (-6)/(6/35)?
8
Suppose 0 = -3*z + 100 + 80. Let h = z + -17. Suppose -5*j + h = -2. What is the units digit of j?
9
Let c(m) = -m**3 + 3*m**2 + m - 3. Let w be c(3). Suppose 2*b + 6 = 0, w = -2*k + b - 6*b - 1. What is the units digit of k?
7
Let c(i) = 5*i**2 + i - 1. Let b be c(1). Suppose b*t = -0*t + g + 98, -5*g = -2*t + 30. What is the tens digit of t?
2
Suppose 1 + 7 = -2*m. Suppose -6*u = 3*u - 189. Let h = m + u. What is the units digit of h?
7
Let a be (-2)/(-6) - 6/(-9). Let l(i) = 0 + a - 2 - i. What is the units digit of l(-5)?
4
Let o(b) = b**2 + b. Let q be o(0). Suppose -5*t - 4*l + 147 = q, l + 4*l + 134 = 4*t. What is the tens digit of t?
3
Suppose 4*h - 192 = -0*h. What is the units digit of h?
8
Let u(m) be the third derivative of m**4/8 + m**3/6 + 4*m**2. Suppose -2*v = n - 2*n - 6, -5*n - 2*v + 30 = 0. What is the units digit of u(n)?
3
Let w(o) be the first derivative of -o**4/4 + 2*o**3 - o**2/2 - 5*o - 1. What is the tens digit of w(5)?
1
Suppose -i + 2 = 11. Let z = i + -1. Let k = -5 - z. What is the units digit of k?
5
Let i = 0 + 9. Let m(r) = -r**2 + 8*r + 13. What is the units digit of m(i)?
4
Let x be 1 - -4*(-1)/(-2). Suppose -x*k + 6 = -39. What is the tens digit of k?
1
Let c = -3 + 9. Suppose -5*o - 2*u = 858, o - 5*u + 154 = -u. What is the tens digit of o/15*c/(-4)?
1
Let n be 4 - (2 + 0 + -1). Let p = -3 + n. Suppose p = -6*s + 2*s + 24. What is the units digit of s?
6
Let a(u) = u**3 - 3*u**2 + u - 1. Let j be a(2). What is the units digit of 1 + j + (-12)/(-2)?
4
Suppose 1 - 95 = -h - 4*z, 3*h = -5*z + 275. What is the units digit of h?
0
Suppose 7*p = 8*p - 143. What is the hundreds digit of p?
1
Let h = -7 + 14. Let t = h + 3. What is the units digit of t?
0
Let b = -80 + 146. What is the tens digit of b?
6
Suppose 56 = 5*c - c. Suppose 24 = -2*a - a. Let f = c + a. What is the units digit of f?
6
Let v(g) = 4*g - 1. Let f be v(1). Suppose -14 = f*n + 10. Let p = n - -11. What is the units digit of p?
3
Suppose 6*b - 303 = 69. What is the tens digit of b?
6
Let c(h) = 3*h + 4. Let i(w) = -4*w - 4. Let j(y) = 5*c(y) + 4*i(y). Let n be 8/(-3) + (-2)/6. What is the units digit of j(n)?
7
Let l be 33*(-2)/(-3) + -2. Suppose 0 = -4*a + 20, 3*p - l = -4*a + 6. What is the units digit of p?
2
Let h(f) = 2*f**3 + 2*f**2 - 2*f - 2. What is the tens digit of h(2)?
1
Let t = 86 + -10. What is the units digit of t?
6
Let q = 22 - 8. What is the units digit of q?
4
Let h(o) be the second derivative of o**3/3 - 2*o**2 - 7*o. What is the units digit of h(3)?
2
Suppose -6*b = -b - 25. What is the units digit of (-2)/(-5) + 33/b?
7
Let q = 37 + -24. What is the units digit of q?
3
Suppose -3*b - 123 = -5*r, -3*b - 69 = -0*r - 3*r. Suppose 3*v - r = 24. What is the tens digit of v?
1
Let d(z) = 4*z + 45. What is the hundreds digit of d(21)?
1
Suppose 8 = -2*a - 4*k, -2*a - 2*k = a. Let n be -6*a/(-3) + 0. Suppose 4*j - j = -n*l + 25, -5*l + 35 = 5*j. What is the units digit of j?
3
What is the units digit of (1 + 0 - -124) + (-1 - -3)?
7
Suppose 3*c = -6, b - 2*c - 33 = 3. Let y = b - 1. What is the units digit of y?
1
Let g = 4 - 0. Let n = 1 - g. Let o = -1 - n. What is the units digit of o?
2
Let b be (-4)/(-14)*(1 - -6). Suppose b*q = 2*t - 4*t + 8, -5*t - 8 = -2*q. Let w = -3 + q. What is the units digit of w?
1
Let u(q) = -q**2 + 26*q - 29. What is the hundreds digit of u(8)?
1
Let z(x) = x**2 - 2*x + 1. Let b be z(2). Let v be (-2 + 1)*1 + b. Let j = v + 1. What is the units digit of j?
1
Let w = -4 - -6. Let v(d) = -d - 5*d**2 - d**2 + 5*d**w + 14. What is the units digit of v(0)?
4
Let q be 38/8 - (-1)/4. Suppose 8 = i - q. What is the units digit of i?
3
Suppose -4*v + 5*v = -4*l + 23, -4*l = -5*v - 53. Suppose -8*i + 15 = -l*i. What is the units digit of i?
5
Let l = -2 + 3. Let k be (-14)/(-4) - 9/18. Suppose -k = -4*i + l. What is the units digit of i?
1
Suppose -3*o = -8*o + 475. What is the tens digit of o?
9
Let x(j) = -j**2 - 7*j - 2. What is the units digit of x(-3)?
0
Let p(n) = n + 4. Let d be p(0). Suppose 2*i - 2 = 4*h, 3*i - d*h - 20 = -7. What is the units digit of i?
1
Let f(n) = 13*n + 67. What is the tens digit of f(0)?
6
Let n(y) = -y**2 + 6*y + 3. Let v be n(5). Let u(m) = m**3 - 9*m**2 + 10*m + 7. What is the units digit of u(v)?
3
Let a(u) = u**2 - 14*u - 51. What is the hundreds digit of a(22)?
1
Let u = -1 - -1. Let w be (u - 1) + -1 + 7. What is the units digit of (8 - 3)*6/w?
6
Let w = 7 + -4. Suppose -4*g + w*g = -5. What is the units digit of g?
5
Let w(z) = 5*z**2 - 3*z. What is the tens digit of w(-2)?
2
Suppose 4*m + o = -129, -5*m + 4*o - 66 = 111. Let g = m + 77. What is the units digit of g?
4
Let m = 62 - 41. Suppose -g = -43 - m. Suppose 4 = 4*y - g. What is the tens digit of y?
1
Let t(h) = -15*h**3 - h**2 - 2*h - 1. Let n = -13 - -12. What is the units digit of t(n)?
5
Suppose -y = -3*g + 1411 - 283, 5*g - y - 1882 = 0. What is the tens digit of g?
7
Suppose 5*i = 2*i. Suppose 0*l + l - 11 = i. What is the units digit of l?
1
Suppose -3*a = -7*a. Suppose a = -3*n - 6 + 48. Suppose -n - 1 = -o. What is the tens digit of o?
1
Let p be 0/(2/(1 + 1)). Suppose p*k = -4*k + 132. What is the units digit of k?
3
Suppose -21 = 3*y + 45. Let b = -15 - y. What is the units digit of b?
7
Suppose -4*j = 2*n - 66, 0 = 3*n + 4*j - 130 + 37. What is the tens digit of n?
2
Suppose 0 = a + a. Let f be a + -2 - (-2)/1. Suppose -k + 16 - 2 = f. What is the tens digit of k?
1
Let s(w) = w - 5. Let a be s(4). Let v = a - -13. What is the tens digit of v?
1
What is the units digit of -36*(-10)/(-15)*-13?
2
Let q = -1 - -8. Suppose 5*s + 4 = -3*i + q, 12 = 4*s. Let c = 6 + i. What is the units digit of c?
2
Let u(m) = -10*m - 10. What is the units digit of u(-5)?
0
Let d(n) = -6*n + 6. What is the tens digit of d(-7)?
4
Let c(v) = -v**3 - 1 - 3*v + 6*v**2 + 0 + v**2. Let t be c(6). Let d = t - 9. What is the units digit of d?
8
Let t = 54 + -33. What is the units digit of t?
1
Let f(q) = q**2 - 6*q + 6. Let s be f(7). Let h = s + -6. Suppose -4*r = 5*n - h, -r - 5*n + 2 = 4. What is the units digit of r?
3
Let f(b) = 2*b - 11. Let h be f(10). Suppose 5*v + 0*v = -2*c + h, -c - 2*v + 7 = 0. What is the units digit of c?
7
Suppose 4*f = -3*a + 13, a + 4*a + 5*f - 20 = 0. Suppose 0 = -2*u - u + a*j + 168, 4*u - 200 = -4*j. What is the units digit of u?
3
Suppose 3*g = g + 2*r + 34, 69 = 2*g + 5*r. What is the units digit of g?
2
Suppose 4*i - 5*i = 4*s + 12, 1 = 2*i + 3*s. Let o be i*(-2 - (-15)/6). Suppose 2*g - o = -0*g. What is the units digit of g?
2
Let b(g) = -g**2 + 6*g + 2. Let j be ((-3)/(-6))/((-2)/(-48)). Suppose 4*k = 16, k + j = 5*a - 9. What is the units digit of b(a)?
7
Let w(l) = l**3 - l**2 + 1. Let v be w(0). What is the units digit of ((-3)/(-6))/(v/12)?
6
Suppose 16 - 36 = -5*u. Suppose -5*w + 5*z = 4*z - 15, 0 = -u*w + 2*z + 18. What is the units digit of w?
2
Let n = 36 + -14. What is the units digit of (-6)/8 + n/8?
2
Suppose 5852 = 21*g - 7*g. What is the hundreds digit of g?
4
Let m = 96 - 40. What is the tens digit of m?
5
Let s = 608 - 403. What is the tens digit of s?
0
Let i be (2/(-4))/(2/4). Let v be (i/(-2) + -1)*10. Let z = -3 - v. What is the units digit of z?
2
What is the hundreds digit of 168 + (-15)/5 - -3?
1
Let o be (-27)/5 + (-4)/(-10). Let s be (11 + -1)*o/(-10). Suppose s*l + 1 = 6. What is the units digit of l?
1
Suppose 1026 = 4*l + 382. What is the units digit of l?
1
Let k(g) = -2 + 2*g - 3*g + 0*g + 4*g. What is the units digit of k(7)?
9
Suppose 0 = -n + 3*p - p + 69, -3*n = 4*p - 247. What is the tens digit of n?
7
Let n be -1*((-4 - -1) + 3). Suppose 8 = j + s, -5*j - s = -n*j - 32. What is the tens digit of (-240)/j*(-1)/2?
2
Suppose -2*x = -3*o + 65, -5*o = -3*x - 24 - 84. What is the tens digit of o?
2
What is the tens digit of -3*3/((-9)/29)?
2
Suppose 1 = 2*j - 3. Suppose 2*w + j*w + 16 = 0, 4*n + w = -20. What is the units digit of 2/n*-4 + -1?
1
Let m(j) = -10*j + 1. Let d be m(-2). Suppose d - 1 = 3*